110. Suppose -2*p = -4*z - 6*p + 1192, -2*p - r = -3*z. List the prime factors of z.
5, 59
Suppose -13*s - 215 = 344. Let j = 59 - s. List the prime factors of j.
2, 3, 17
Suppose 0 = -15*g + 7*g + 13168. List the prime factors of g.
2, 823
Let j = -373 - -770. What are the prime factors of j?
397
Let s = -9 + 13. Suppose s*w + 8 + 8 = 0. What are the prime factors of w - (-5)/((-15)/(-162))?
2, 5
Suppose -4*t + 3*u = 1, -4*t - t = 4*u - 22. Suppose -4*h - 3*s = -2*s - 565, -t*h = 4*s - 272. What are the prime factors of h?
2, 71
Let t(w) = -w**3 + 25*w**2 - 36*w + 96. What are the prime factors of t(19)?
2, 3, 263
Let d(t) = 13*t**2 + 29*t. What are the prime factors of d(9)?
2, 3, 73
Suppose 3*d + 43 - 52 = 0. Suppose -3*v + 9 = d. What are the prime factors of v?
2
What are the prime factors of (2/(-5))/(36/133605)*-2?
2969
Let i = -12 + 20. Let h = 15 - i. What are the prime factors of h?
7
Let i(v) = -3*v + 65. Let q = 10 - 10. Let y be i(q). Suppose 0*o + y = o. List the prime factors of o.
5, 13
Suppose w - 3*w + 417 = -5*l, 2*l = 5*w - 1011. Let x = -140 + w. List the prime factors of x.
61
Let b = 234 - -91. Suppose -4*y + 3*g - 2*g + b = 0, 0 = -2*y + g + 161. What are the prime factors of y?
2, 41
Suppose 983 = 2*l + 555. What are the prime factors of l?
2, 107
Let s(l) = -6*l**2 + 2*l - 10. Let t(n) = 6*n**2 - 2*n + 8. Let x(k) = 4*s(k) + 5*t(k). Let v be (1 + -2)/(-1 - 0). What are the prime factors of x(v)?
2
Let b = 19 + -19. Suppose -2*x + x + 31 = b. List the prime factors of x.
31
Let c(m) = m**2 - 3*m + 2. Let w be c(2). Suppose o - 10 = -w*o. Suppose 4*x = -3*f + 94, o = f - 6*f. List the prime factors of x.
5
Suppose -64*o + 61*o + 2085 = 0. What are the prime factors of o?
5, 139
Suppose -5*c + 22 = -23. Let z = c - 9. Suppose 5*f - 13 + 3 = z. What are the prime factors of f?
2
Let v(d) = 17*d - 37. Let g(p) = -17*p + 36. Let a(j) = -5*g(j) - 4*v(j). List the prime factors of a(6).
2, 5, 7
Suppose o + 27 + 17 = 5*t, -2*t + 2*o + 24 = 0. Suppose -146 = -t*s + 86. What are the prime factors of s?
29
Let v(n) = -n - 18. Let s be v(-14). Suppose 3*h + 26 = 5*j, 2*h = -6*j + 3*j - 11. List the prime factors of -7*(-1)/h*s.
2
Let y(t) = 4*t**3 + 9*t**2 - 12*t - 5. Let d(w) = 3*w**3 + 9*w**2 - 11*w - 4. Let p(z) = 5*d(z) - 4*y(z). What are the prime factors of p(8)?
2
Suppose -46*i = -f - 42*i + 665, 4*i + 2696 = 4*f. What are the prime factors of f?
677
Let m be 8/28 - (-160)/28. What are the prime factors of (-744)/(-18) + 4/m?
2, 3, 7
Let y = 9 + -10. Let b be y - (-3)/((-9)/(-12)). Suppose -4*q = -b*q - 23. List the prime factors of q.
23
Let w be (5/25)/((-2)/(-70)). Suppose -q + 9 = w*a - 2*a, -3*q = 2*a - 1. Suppose -a*b - 218 = -5*j, -5*j - 4*b = -9*b - 215. What are the prime factors of j?
2, 11
Let w(t) = t**3 + 22*t**2 - 5*t - 22. Let l be w(-22). Suppose -3*g + 194 = f, -3*f = 2*g - 32 - l. What are the prime factors of g?
2, 3, 11
Let f = -364 + 902. List the prime factors of f.
2, 269
Suppose -6*y = -69 - 93. Suppose y = -v + 87. List the prime factors of v.
2, 3, 5
Suppose -4*n + 8575 = 859. What are the prime factors of n?
3, 643
Let o(s) = 14*s**2 + 8*s + 114. What are the prime factors of o(-10)?
2, 3, 239
Let p = 22 - -1217. List the prime factors of p.
3, 7, 59
Suppose 2*k = 23 + 9. Suppose -l = -k - 99. What are the prime factors of l?
5, 23
Let c(k) = k**3 - 4*k**2 - 6*k + 7. Let i be c(5). Let w(q) = -5*q - 2. Let z be w(i). Let y(m) = -m**2 - 11*m + 15. What are the prime factors of y(z)?
3
Suppose -195 = -5*q - 30. Let o = q - 21. List the prime factors of o.
2, 3
Let j = -7 + 13. Suppose -2*b - c - 2 = 0, -2*c - 4 = -c. What are the prime factors of 9/j*2 - b?
2
Let c = 3350 - 1714. List the prime factors of c.
2, 409
Let k = 48 + -12. Let f = k + -21. Suppose -2*z + 2*u + 36 = 0, 3*z + 5*u - f = 55. What are the prime factors of z?
2, 5
Let t(x) = -x - 97. Let u(l) = l + 69. Let s(i) = i + 70. Let z(w) = 4*s(w) - 5*u(w). Let h(p) = -5*t(p) + 7*z(p). List the prime factors of h(0).
2, 3, 5
Let m = -995 - -4039. List the prime factors of m.
2, 761
Suppose 0 = 19*x - 2299 - 551. What are the prime factors of x?
2, 3, 5
Let y = -137 - -139. List the prime factors of y.
2
Let j(a) = -50*a**2 - 6*a + 5. Let o be j(5). List the prime factors of (8/5)/((-10)/o).
2, 3, 17
Let n = -34 - -33. Let c be (n/3)/(5/(-1185)). Suppose 4*u - c - 165 = 0. What are the prime factors of u?
61
Suppose g + p + 182 = -p, -g + 2*p = 190. What are the prime factors of (-7)/(7/g) - 4?
2, 7, 13
Let c(i) = i**2 - 2*i. Let b be c(6). Let t(h) = -3*h + 43. Let m be t(13). Suppose m*v = 20 + b. What are the prime factors of v?
11
Suppose 5*f - 6*f = 0. Suppose -4*r - r + 640 = f. What are the prime factors of r?
2
Let l(n) = -43*n - 1. Let u(a) = -a**3 - 6*a**2 + 3*a + 19. Let m be u(-6). Let i be l(m). Let p = i - -92. List the prime factors of p.
2, 3
Suppose j - 216 = -5*j. Suppose -5*x + 34 = -j. What are the prime factors of x?
2, 7
Let r(l) = l**3 - 15*l**2 + l - 9. Let o be r(15). What are the prime factors of (-16)/12 - -1 - (-116)/o?
19
Suppose -6*i + 693 = 5*i. Suppose 4*q = -2*m + 24, -m + i = 2*m - 3*q. What are the prime factors of m?
2, 3
Let z(o) = 22*o + 162. List the prime factors of z(-6).
2, 3, 5
Let p be (-1)/((-4)/(-7))*4. Let f be ((-1 - p) + -1)*-1. List the prime factors of 40 + -2 + 0/f.
2, 19
Let c = -64 + 60. What are the prime factors of (-6 - c)/(2/(-329))?
7, 47
Let y(c) = 10*c**2 - 86*c + 29. What are the prime factors of y(-12)?
41, 61
Let h = -27 - -29. Suppose 2*o + h*u = 116, -3*u + 196 + 37 = 4*o. List the prime factors of o.
59
Let i(h) = -h**3 + 7*h**2 - 7*h + 6. Let u be i(6). Suppose u = -4*c - 4*a - 8, 2*a = 3*c - 0*a - 14. What are the prime factors of 28/c - (7 - 4)?
11
Let m(z) = 2*z**2 - 114*z + 150. List the prime factors of m(75).
2, 3, 5, 19
Let u be 10*-1*(-12)/24. Suppose -52 = -0*p - 2*p + 2*y, 0 = -u*y - 25. Let i = p - 1. List the prime factors of i.
2, 5
What are the prime factors of -16 - -15 - (40*-2 - 2)?
3
Let n = -1024 + 2215. List the prime factors of n.
3, 397
Suppose 3 = -d - a, -2*d + 2*a + 9 = -a. Let g(r) = r**3 + 17. What are the prime factors of g(d)?
17
Let a = 21 - 14. Suppose 8*y - a*y = 33. List the prime factors of y.
3, 11
Let n(y) be the second derivative of -y**5/20 - 2*y**4/3 - y**3/3 + 6*y**2 - 5*y. What are the prime factors of n(-8)?
2, 7
Let h be -3 + (2 - -7) + 0. Let j = 6 - h. Suppose 2*s - 5 - 53 = j. List the prime factors of s.
29
Let o(v) = -6*v + 4. Let i be o(4). Suppose -4*m + 3*b = -155, 4*b + 80 = 2*m + 2*b. Let c = m + i. List the prime factors of c.
3, 5
Suppose -6*q = -3*q - 27. Suppose -q*f = -6*f. Suppose -n + f*n = -2*v + 155, v - 67 = -3*n. What are the prime factors of v?
2, 19
Let d(o) = o**2 + 10*o - 5. Let a be d(-11). Let j be 1/(-2)*a/(-1). Suppose -j*m = 2*m - 335. List the prime factors of m.
67
Let p(x) = x**3 + 10*x**2 - 4*x - 31. Let h be p(-9). Let z = h - 69. What are the prime factors of z?
17
Let t(f) = -13*f - 1. Let s be t(-1). Let z be 34/8 + (-3)/s. Suppose 0*j = z*j - 80. List the prime factors of j.
2, 5
Let q(p) = 2*p + 70. Let n be q(-19). Let f = n + 217. What are the prime factors of f?
3, 83
Let a = 730 - 475. What are the prime factors of a?
3, 5, 17
Let a = -111 + 349. Let p = -168 + a. List the prime factors of p.
2, 5, 7
Let a(q) = 3*q**3 + 7*q**2 + 27*q - 94. List the prime factors of a(6).
2, 11
Let h(x) = x - 2. Let y be h(4). Let v(p) = 3*p**3 + 2*p**2 - p - 1. Let r be v(y). List the prime factors of r/1 + -5 + 2.
2, 13
Let t(y) = -29*y - 101. List the prime factors of t(-8).
131
Let o = -2 + -9. Let y(h) = h**2 + 10*h - 10. Let s be y(o). List the prime factors of 23 + 1 - (2 + s).
3, 7
What are the prime factors of -4 - -707 - 0 - 4/(-2)?
3, 5, 47
Suppose 0 = -2*d - x + 220, 0 = -3*d + 2*d + 2*x + 105. Suppose -d = -k + 78. List the prime factors of k.
11, 17
Let c(a) be the second derivative of -3*a**3/2 + 9*a**2/2 - 3*a. Let x be c(5). Let q = 0 - x. List the prime factors of q.
2, 3
Let t(j) = -j**3 - 36*j**2 - 78*j - 42. List the prime factors of t(-34).
2, 149
Let f(h) be the third derivative of h**5/30 + h**4/8 - 2*h**3/3 - 20*h**2. What are the prime factors of f(-5)?
31
List the prime fa